{"id":40096,"date":"2023-12-24T20:49:23","date_gmt":"2023-12-24T23:49:23","guid":{"rendered":"http:\/\/www.antdogs.com\/thewemdb\/?page_id=40096"},"modified":"2026-03-03T17:56:00","modified_gmt":"2026-03-03T20:56:00","slug":"2019-2","status":"publish","type":"page","link":"http:\/\/www.antdogs.com\/thewemdb\/promotions\/sa\/legionargentina\/events\/2019\/","title":{"rendered":"2019"},"content":{"rendered":"\t\t<div data-elementor-type=\"wp-page\" data-elementor-id=\"40096\" class=\"elementor elementor-40096\">\n\t\t\t\t\t\t<section class=\"elementor-section elementor-top-section elementor-element elementor-element-73fd323 elementor-section-boxed elementor-section-height-default elementor-section-height-default\" data-id=\"73fd323\" data-element_type=\"section\" data-e-type=\"section\">\n\t\t\t\t\t\t<div class=\"elementor-container elementor-column-gap-default\">\n\t\t\t\t\t<div class=\"elementor-column elementor-col-100 elementor-top-column elementor-element elementor-element-f66e416\" data-id=\"f66e416\" data-element_type=\"column\" data-e-type=\"column\">\n\t\t\t<div class=\"elementor-widget-wrap elementor-element-populated\">\n\t\t\t\t\t\t<div class=\"elementor-element elementor-element-c396d3c elementor-widget elementor-widget-text-editor\" data-id=\"c396d3c\" data-element_type=\"widget\" data-e-type=\"widget\" data-widget_type=\"text-editor.default\">\n\t\t\t\t<div class=\"elementor-widget-container\">\n\t\t\t\t\t\t\t\t\t<div id=\"ez-toc-container\" class=\"ez-toc-v2_0_82_2 counter-hierarchy ez-toc-counter ez-toc-custom ez-toc-container-direction\">\n<label for=\"ez-toc-cssicon-toggle-item-69fd45b75c078\" class=\"ez-toc-cssicon-toggle-label\"><div class=\"ez-toc-title\" style=\"cursor:inherit\">2019 in Legi\u00f3n Nueva Era Argentina<\/div>\n<span class=\"ez-toc-cssicon\"><span class=\"eztoc-hide\" style=\"display:none;\">Toggle<\/span><span class=\"ez-toc-icon-toggle-span\"><svg style=\"fill: #0a0a0a;color:#0a0a0a\" xmlns=\"http:\/\/www.w3.org\/2000\/svg\" class=\"list-377408\" width=\"20px\" height=\"20px\" viewBox=\"0 0 24 24\" fill=\"none\"><path d=\"M6 6H4v2h2V6zm14 0H8v2h12V6zM4 11h2v2H4v-2zm16 0H8v2h12v-2zM4 16h2v2H4v-2zm16 0H8v2h12v-2z\" fill=\"currentColor\"><\/path><\/svg><svg style=\"fill: #0a0a0a;color:#0a0a0a\" class=\"arrow-unsorted-368013\" xmlns=\"http:\/\/www.w3.org\/2000\/svg\" width=\"10px\" height=\"10px\" viewBox=\"0 0 24 24\" version=\"1.2\" baseProfile=\"tiny\"><path d=\"M18.2 9.3l-6.2-6.3-6.2 6.3c-.2.2-.3.4-.3.7s.1.5.3.7c.2.2.4.3.7.3h11c.3 0 .5-.1.7-.3.2-.2.3-.5.3-.7s-.1-.5-.3-.7zM5.8 14.7l6.2 6.3 6.2-6.3c.2-.2.3-.5.3-.7s-.1-.5-.3-.7c-.2-.2-.4-.3-.7-.3h-11c-.3 0-.5.1-.7.3-.2.2-.3.5-.3.7s.1.5.3.7z\"\/><\/svg><\/span><\/span><\/label><input type=\"checkbox\"  id=\"ez-toc-cssicon-toggle-item-69fd45b75c078\"  \/><nav><ul class='ez-toc-list ez-toc-list-level-1 ' ><li class='ez-toc-page-1 ez-toc-heading-level-1'><a class=\"ez-toc-link ez-toc-heading-1\" href=\"http:\/\/www.antdogs.com\/thewemdb\/promotions\/sa\/legionargentina\/events\/2019\/#PLUS_ULTRA\" >PLUS ULTRA<\/a><\/li><li class='ez-toc-page-1 ez-toc-heading-level-1'><a class=\"ez-toc-link ez-toc-heading-2\" href=\"http:\/\/www.antdogs.com\/thewemdb\/promotions\/sa\/legionargentina\/events\/2019\/#80s_Night_Fight\" >80's Night Fight<\/a><\/li><li class='ez-toc-page-1 ez-toc-heading-level-1'><a class=\"ez-toc-link ez-toc-heading-3\" href=\"http:\/\/www.antdogs.com\/thewemdb\/promotions\/sa\/legionargentina\/events\/2019\/#Fusion\" >Fusi\u00f3n<\/a><\/li><li class='ez-toc-page-1 ez-toc-heading-level-1'><a class=\"ez-toc-link ez-toc-heading-4\" href=\"http:\/\/www.antdogs.com\/thewemdb\/promotions\/sa\/legionargentina\/events\/2019\/#Esto_Es_Halloween\" >Esto Es Halloween<\/a><\/li><li class='ez-toc-page-1 ez-toc-heading-level-1'><a class=\"ez-toc-link ez-toc-heading-5\" href=\"http:\/\/www.antdogs.com\/thewemdb\/promotions\/sa\/legionargentina\/events\/2019\/#De_La_Plata_con_Odio\" >De La Plata con Odio<\/a><\/li><\/ul><\/nav><\/div>\n\t\t\t\t\t\t\t\t<\/div>\n\t\t\t\t<\/div>\n\t\t\t\t<div class=\"elementor-element elementor-element-fb1be55 elementor-widget-divider--view-line elementor-widget elementor-widget-divider\" data-id=\"fb1be55\" data-element_type=\"widget\" data-e-type=\"widget\" data-widget_type=\"divider.default\">\n\t\t\t\t<div class=\"elementor-widget-container\">\n\t\t\t\t\t\t\t<div class=\"elementor-divider\">\n\t\t\t<span class=\"elementor-divider-separator\">\n\t\t\t\t\t\t<\/span>\n\t\t<\/div>\n\t\t\t\t\t\t<\/div>\n\t\t\t\t<\/div>\n\t\t\t\t<div class=\"elementor-element elementor-element-3c41acd elementor-widget elementor-widget-text-editor\" data-id=\"3c41acd\" data-element_type=\"widget\" data-e-type=\"widget\" data-widget_type=\"text-editor.default\">\n\t\t\t\t<div class=\"elementor-widget-container\">\n\t\t\t\t\t\t\t\t\t<h1><span style=\"text-decoration: underline;\"><strong>PLUS ULTRA<\/strong><\/span><\/h1><p>Date: February 23, 2019<br \/>Arena: Sal\u00f3n Primaveral Centro de Jubilados<br \/>Location: Nueva Pompeya, Buenos Aires Province, Argentina<\/p><p><span class=\"entrances-word\"><strong>-----[<span style=\"color: #ff0000;\">ENTRANCES<\/span>]-----<\/strong><\/span><\/p><p style=\"text-align: left;\"><strong>Federico Monzzoni<\/strong> - \"G.O.A.T.\" by Polyphia<br \/><strong>Guido El Demoledor<\/strong> - \"Sound of Madness\" by Shinedown<br \/><strong>H\u00e9ctor Alejandro<\/strong> - \"Bloody Radio\" by Sound Stabs<br \/><strong>Johnny Fox<\/strong> - \"Bad Reputation\" by Adelitas Way<br \/><strong>Lion Brian<\/strong> - \"Digo Lo Que Pienso\" by Calle 13<br \/><strong>M\u00e1scara Roja<\/strong> - \"Si Se\u00f1or\" by Control Machete<br \/><strong>Pandemia<\/strong> - \"El D\u00eda de la Bestia\" by Def con Dos<br \/><strong>Tito Mor\u00e1n Jr.<\/strong> - \"We Will Rock You\" by Queen<br \/><strong>V\u00edctor Motta<\/strong> - \"Bloody Radio\" by Sound Stabs<\/p>\t\t\t\t\t\t\t\t<\/div>\n\t\t\t\t<\/div>\n\t\t\t\t<div class=\"elementor-element elementor-element-fd09882 elementor-widget-divider--view-line elementor-widget elementor-widget-divider\" data-id=\"fd09882\" data-element_type=\"widget\" data-e-type=\"widget\" data-widget_type=\"divider.default\">\n\t\t\t\t<div class=\"elementor-widget-container\">\n\t\t\t\t\t\t\t<div class=\"elementor-divider\">\n\t\t\t<span class=\"elementor-divider-separator\">\n\t\t\t\t\t\t<\/span>\n\t\t<\/div>\n\t\t\t\t\t\t<\/div>\n\t\t\t\t<\/div>\n\t\t\t\t<div class=\"elementor-element elementor-element-ecb39b6 elementor-widget elementor-widget-text-editor\" data-id=\"ecb39b6\" data-element_type=\"widget\" data-e-type=\"widget\" data-widget_type=\"text-editor.default\">\n\t\t\t\t<div class=\"elementor-widget-container\">\n\t\t\t\t\t\t\t\t\t<h1><span style=\"text-decoration: underline;\"><strong>80's Night Fight<\/strong><\/span><\/h1><p>Date: May 19, 2019<br \/>Arena: Club Juventud y Armon\u00eda<br \/>Location: Nueva Pompeya, Buenos Aires Province, Argentina<\/p><p><span class=\"entrances-word\"><strong>-----[<span style=\"color: #ff0000;\">ENTRANCES<\/span>]-----<\/strong><\/span><\/p><p><strong>Chuck Dixon<\/strong> - \"Time of Dying\" by Three Days Grace<br \/><strong>Federico Monzzoni<\/strong> - \"Money for Nothing\" by Dire Straits<br \/><strong>Guido El Demoledor<\/strong> - \"Nuestro Amo Juega al Esclavo\" by Patricio Rey y Sus Redonditos de Ricota<br \/><strong>Johnny Fox<\/strong> - \"Bad Reputation\" by Adelitas Way<br \/><strong>Lion Brian<\/strong> - \"Sweet Dreams (Are Made of This)\" by Eurythmics<br \/><strong>M\u00e1scara Roja<\/strong> - \"Jarabe Tapat\u00edo\" by Mariachi Vargas de Tecalitl\u00e1n<br \/><strong>Ori\u00f3n<\/strong> - \"Cowboys From Hell\" by Pantera<br \/><strong>Pandemia<\/strong> - \"Holding Out for a Hero\" by Bonnie Tyler<\/p><p><strong>Capuchita<\/strong> - \"El G\u00f3lem de Paternal\" by Skay Beilinson<br \/><strong>Chico de la C\u00e1mara<\/strong> - NO THEME<br \/><strong>Chuck Dixon<\/strong> - \"Time of Dying\" by Three Days Grace<br \/><strong>El Comandante Cebra<\/strong> - \"La Leyenda del Hada y el Mago\" by Rata Blanca<br \/><strong>\u00c9xodus<\/strong> - \"Bad to the Bone\" by George Thorogood &amp; The Destroyers<br \/><strong>Facundo Sosa<\/strong> - \"Scarface (Push It to the Limit)\" by Paul Engermann<br \/><strong>Guido El Demoledor<\/strong> - \"Nuestro Amo Juega al Esclavo\" by Patricio Rey y Sus Redonditos de Ricota<br \/><strong>Hunter<\/strong> - \"Everyone Bleeds Now\" by Hatebreed<br \/><strong>Johnny Fox<\/strong> - NO THEME<br \/><strong>Lion Brian<\/strong> - \"Sweet Dreams (Are Made of This)\" by Eurythmics<br \/><strong>Mart\u00edn Owens Hart<\/strong> - \"Always the Pretenders (Edit) [Hitman Intro]\" by Europe<br \/><strong>M\u00e1scara Roja<\/strong><span class=\"notincluding\"> - \"Jarabe Tapat\u00edo\" by Mariachi Vargas de Tecalitl\u00e1n<\/span>*<br \/><strong>Ori\u00f3n<\/strong> - \"Cowboys From Hell\" by Pantera<br \/><strong>Pandemia<\/strong> - \"Holding Out for a Hero\" by Bonnie Tyler<br \/><strong>Platino<\/strong> - \"Ahora Te Puedes Marchar\" by Luis Miguel<\/p><p>* - This was actually Federico Monzzoni, who took the costume from the masked wrestler after him and Guido attacked previously before the battle royal would take place.<\/p>\t\t\t\t\t\t\t\t<\/div>\n\t\t\t\t<\/div>\n\t\t\t\t<div class=\"elementor-element elementor-element-4ed0a57 elementor-widget-divider--view-line elementor-widget elementor-widget-divider\" data-id=\"4ed0a57\" data-element_type=\"widget\" data-e-type=\"widget\" data-widget_type=\"divider.default\">\n\t\t\t\t<div class=\"elementor-widget-container\">\n\t\t\t\t\t\t\t<div class=\"elementor-divider\">\n\t\t\t<span class=\"elementor-divider-separator\">\n\t\t\t\t\t\t<\/span>\n\t\t<\/div>\n\t\t\t\t\t\t<\/div>\n\t\t\t\t<\/div>\n\t\t\t\t<div class=\"elementor-element elementor-element-c75e608 elementor-widget elementor-widget-text-editor\" data-id=\"c75e608\" data-element_type=\"widget\" data-e-type=\"widget\" data-widget_type=\"text-editor.default\">\n\t\t\t\t<div class=\"elementor-widget-container\">\n\t\t\t\t\t\t\t\t\t<h1><span style=\"text-decoration: underline;\"><strong>Fusi\u00f3n<\/strong><\/span><\/h1><p>Date: August 31, 2019<br \/>Arena: Club Juventud y Armon\u00eda<br \/>Location: Nueva Pompeya, Buenos Aires Province, Argentina<\/p><p><span class=\"entrances-word\"><strong>-----[<span style=\"color: #ff0000;\">ENTRANCES<\/span>]-----<\/strong><\/span><\/p><p><strong>Diego G\u00e1rate<\/strong> - \"Fist Pump Figaro\" by Charles Paul Edouard Verdoncq &amp; Paul Jacques Pierre Escande (from Extreme Music)<br \/><strong>Fackzilla<\/strong> - \"Godzilla\" by Bear McCreary feat. Serj Tankian<br \/><strong>Federico Monzzoni<\/strong> - \"G.O.A.T.\" by Polyphia<br \/><strong>Jurenz (\u00c9xodus &amp; Pandemia)<\/strong> - \"Solid State Scouter\" by Dragon Magic Orchestra &amp; TOKIO<br \/><strong>King Dixon<\/strong> - \"Hail to the King\" by Avenged Sevenfold<br \/><strong>Platino<\/strong> - \"Ahora Te Puedes Marchar\" by Luis Miguel<br \/><strong>Reina Drag\u00f3n<\/strong> - \"Sex Metal Barbie\" by In This Moment<br \/><strong>Rey Drag\u00f3n<\/strong> - \"In the Age of the Consecrated Vampire We All Get High\" by Rob Zombie<br \/><strong>Rojo Ne\u00f3n (Francisco Rol\u00f3n &amp; M\u00e1scara Roja)<\/strong> - \"Big in Japan (Juloboy Remix)\" by Alphaville<br \/><strong>Seccional La Plata (1) (Capuchita &amp; Guido El Demoledor)<\/strong> - \"Devour\" by Shinedown<br \/><strong>Siniestro<\/strong> - \"Here Comes the Boom\" by Nelly<\/p>\t\t\t\t\t\t\t\t<\/div>\n\t\t\t\t<\/div>\n\t\t\t\t<div class=\"elementor-element elementor-element-81e3be1 elementor-widget-divider--view-line elementor-widget elementor-widget-divider\" data-id=\"81e3be1\" data-element_type=\"widget\" data-e-type=\"widget\" data-widget_type=\"divider.default\">\n\t\t\t\t<div class=\"elementor-widget-container\">\n\t\t\t\t\t\t\t<div class=\"elementor-divider\">\n\t\t\t<span class=\"elementor-divider-separator\">\n\t\t\t\t\t\t<\/span>\n\t\t<\/div>\n\t\t\t\t\t\t<\/div>\n\t\t\t\t<\/div>\n\t\t\t\t<div class=\"elementor-element elementor-element-8db8485 elementor-widget elementor-widget-text-editor\" data-id=\"8db8485\" data-element_type=\"widget\" data-e-type=\"widget\" data-widget_type=\"text-editor.default\">\n\t\t\t\t<div class=\"elementor-widget-container\">\n\t\t\t\t\t\t\t\t\t<h1><span style=\"text-decoration: underline;\"><strong>Esto Es Halloween<\/strong><\/span><\/h1><p>Date: October 13, 2019<br \/>Arena: Club Juventud y Armon\u00eda<br \/>Location: Nueva Pompeya, Buenos Aires Province, Argentina<\/p><p><span class=\"entrances-word\"><strong>-----[<span style=\"color: #ff0000;\">ENTRANCES<\/span>]-----<\/strong><\/span><\/p><p><strong>Alan Vargas &amp; Alexis Bianchi<\/strong> - NO THEME<br \/><strong>Federico Monzzoni<\/strong> - \"G.O.A.T.\" by Polyphia<br \/><strong>Francisco Rol\u00f3n<\/strong> - \"The Time Is Now\" by John Cena &amp; Tha Trademarc<br \/><strong>Johnny Fox<\/strong> - NO THEME<br \/><strong>King Dixon<\/strong> - \"The Game\" by Jim Johnston feat. Mot\u00f6rhead<br \/><strong>Kriss Vector<\/strong> - \"Born for Greatness\" by Papa Roach<br \/><strong>Kuma<\/strong> - \"Ready to Die\" by Andrew W.K.<br \/><strong>La Monarqu\u00eda Drag\u00f3n (Reina Drag\u00f3n &amp; Rey Drag\u00f3n)<\/strong> - \"Are You Insane Like Me?\" by Twiztid<br \/><strong>Pandemia<\/strong> - \"Tubular Bells (Now the Original Theme From \"The Exorcist\")\" by Mike Oldfield<br \/><strong>Seccional La Plata (1) (Capuchita &amp; Guido El Demoledor)<\/strong> - \"Buscan\" by Sue\u00f1o de Pescado<br \/><strong>Tai Bord\u00f3n<\/strong> - \"Overlay of Evil \/ Main Title\" by Harry Manfredini<\/p>\t\t\t\t\t\t\t\t<\/div>\n\t\t\t\t<\/div>\n\t\t\t\t<div class=\"elementor-element elementor-element-5f78047 elementor-widget-divider--view-line elementor-widget elementor-widget-divider\" data-id=\"5f78047\" data-element_type=\"widget\" data-e-type=\"widget\" data-widget_type=\"divider.default\">\n\t\t\t\t<div class=\"elementor-widget-container\">\n\t\t\t\t\t\t\t<div class=\"elementor-divider\">\n\t\t\t<span class=\"elementor-divider-separator\">\n\t\t\t\t\t\t<\/span>\n\t\t<\/div>\n\t\t\t\t\t\t<\/div>\n\t\t\t\t<\/div>\n\t\t\t\t<div class=\"elementor-element elementor-element-46c7c6e elementor-widget elementor-widget-text-editor\" data-id=\"46c7c6e\" data-element_type=\"widget\" data-e-type=\"widget\" data-widget_type=\"text-editor.default\">\n\t\t\t\t<div class=\"elementor-widget-container\">\n\t\t\t\t\t\t\t\t\t<h1><span style=\"text-decoration: underline;\"><strong>De La Plata con Odio<\/strong><\/span><\/h1><p>Date: December 8, 2019<br \/>Arena: Club Juventud y Armon\u00eda<br \/>Location: Nueva Pompeya, Buenos Aires Province, Argentina<\/p><p><span class=\"entrances-word\"><strong>-----[<span style=\"color: #ff0000;\">ENTRANCES<\/span>]-----<\/strong><\/span><\/p><p><strong>Adriano<\/strong> - \"Soy Sabalero\" by Los Palmeras<br \/><strong>Alan Vargas<\/strong> - \"Sandpaper (Music Video Version)\" by Fozzy feat. M. Shadows<br \/><strong>Alexis Bianchi<\/strong> - \"Rock\" by Kapanga<br \/><strong>Cassidy<\/strong> - \"Can You Feel My Heart\" by Bring Me the Horizon<br \/><strong>Fackzilla<\/strong> - \"Godzilla\" by Bear McCreary feat. Serj Tankian<br \/><strong>Federico Monzzoni<\/strong> - \"G.O.A.T.\" by Polyphia<br \/><strong>Francisco Rol\u00f3n<\/strong> - \"Kill the Director\" by The Wombats<br \/><strong>Frankie<\/strong> - \"Death March\" by Motionless in White<br \/><strong>Johnny Fox &amp; King Dixon<\/strong> - \"Enemy\" by Blue Stahli<br \/><strong>Kuma<\/strong> - \"Ready to Die\" by Andrew W.K.<br \/><strong>Pandemia<\/strong> - \"Weak Executioner\" by Daisuke Ishiwatari<br \/><strong>Seccional La Plata (1) (Capuchita &amp; Guido El Demoledor)<\/strong> - \"Buscan\" by Sue\u00f1os de Pescado<br \/><strong>Seccional La Plata (1) (Capuchita, Federico Monzzoni &amp; Guido El Demoledor)<\/strong> - \"Skyfall\" by Our Last Night<\/p>\t\t\t\t\t\t\t\t<\/div>\n\t\t\t\t<\/div>\n\t\t\t\t\t<\/div>\n\t\t<\/div>\n\t\t\t\t\t<\/div>\n\t\t<\/section>\n\t\t\t\t<\/div>\n\t\t","protected":false},"excerpt":{"rendered":"<p>PLUS ULTRA Date: February 23, 2019Arena: Sal\u00f3n Primaveral Centro de JubiladosLocation: Nueva Pompeya, Buenos Aires Province, Argentina -----[ENTRANCES]----- Federico Monzzoni - \"G.O.A.T.\" by PolyphiaGuido El Demoledor - \"Sound of Madness\" by ShinedownH\u00e9ctor Alejandro - \"Bloody Radio\" by Sound StabsJohnny Fox - \"Bad Reputation\" by Adelitas WayLion Brian - \"Digo Lo Que Pienso\" by Calle 13M\u00e1scara...<\/p>\n","protected":false},"author":4,"featured_media":0,"parent":40085,"menu_order":0,"comment_status":"closed","ping_status":"closed","template":"","meta":{"_kad_post_transparent":"","_kad_post_title":"","_kad_post_layout":"","_kad_post_sidebar_id":"","_kad_post_content_style":"","_kad_post_vertical_padding":"","_kad_post_feature":"","_kad_post_feature_position":"","_kad_post_header":false,"_kad_post_footer":false,"_kad_post_classname":"","footnotes":""},"class_list":["post-40096","page","type-page","status-publish","hentry"],"_links":{"self":[{"href":"http:\/\/www.antdogs.com\/thewemdb\/wp-json\/wp\/v2\/pages\/40096","targetHints":{"allow":["GET"]}}],"collection":[{"href":"http:\/\/www.antdogs.com\/thewemdb\/wp-json\/wp\/v2\/pages"}],"about":[{"href":"http:\/\/www.antdogs.com\/thewemdb\/wp-json\/wp\/v2\/types\/page"}],"author":[{"embeddable":true,"href":"http:\/\/www.antdogs.com\/thewemdb\/wp-json\/wp\/v2\/users\/4"}],"replies":[{"embeddable":true,"href":"http:\/\/www.antdogs.com\/thewemdb\/wp-json\/wp\/v2\/comments?post=40096"}],"version-history":[{"count":46,"href":"http:\/\/www.antdogs.com\/thewemdb\/wp-json\/wp\/v2\/pages\/40096\/revisions"}],"predecessor-version":[{"id":93534,"href":"http:\/\/www.antdogs.com\/thewemdb\/wp-json\/wp\/v2\/pages\/40096\/revisions\/93534"}],"up":[{"embeddable":true,"href":"http:\/\/www.antdogs.com\/thewemdb\/wp-json\/wp\/v2\/pages\/40085"}],"wp:attachment":[{"href":"http:\/\/www.antdogs.com\/thewemdb\/wp-json\/wp\/v2\/media?parent=40096"}],"curies":[{"name":"wp","href":"https:\/\/api.w.org\/{rel}","templated":true}]}}